 d(-75)?
-69
Let w(l) = l**3 + 7*l**2 + 20117*l + 120667. Calculate w(-6).
1
Let u(z) = -z**2 + 8189*z + 114812. Calculate u(-14).
-30
Let z(x) = 4*x**2 - 2922*x - 11713. Give z(-4).
39
Let s(w) = -w**2 + 34*w + 2658. What is s(-53)?
-1953
Let n(s) = -s**3 - 108*s**2 - 2143*s - 191942. Give n(-105).
-2
Let g(f) = -3*f**2 + 3556*f + 10768. Calculate g(-3).
73
Let j(h) = 21*h**2 + 237*h - 5. Give j(-11).
-71
Let l(n) = 19665*n**2 + 845585*n - 431. Determine l(-43).
-1
Let t(g) = -775297*g - 16281256. Determine t(-21).
-19
Let z(k) = 637*k - 92067. What is z(143)?
-976
Let j(m) = 15*m**2 + 1320*m + 15531. Determine j(-14).
-9
Let q(z) = -z**2 + 322*z - 24130. Calculate q(118).
-58
Let j(a) = -4*a**2 + 196*a - 2385. Give j(26).
7
Let g(n) = -243*n + 4275. What is g(15)?
630
Let z(p) = 272*p - 46194. What is z(170)?
46
Let z(x) = 24*x**2 + 151*x + 816. What is z(-9)?
1401
Let y(c) = -763*c - 200926. Calculate y(-263).
-257
Let v(u) = 8*u**2 + 675*u + 12280. Calculate v(-28).
-348
Let q(k) = -k**3 + 72*k**2 - 231*k + 1867. Give q(69).
211
Let c(s) = -s**3 - 5*s**2 + 42*s - 14. Calculate c(9).
-770
Let y(r) = r**2 - 1429*r - 8599. Give y(-6).
11
Let n(m) = 18*m**2 - 3640*m + 15053. Calculate n(198).
5
Let p(h) = -20*h**2 + 1986*h + 280. Determine p(100).
-1120
Let t(r) = -17*r**3 - 3*r**2 + 75*r - 199. Give t(-3).
8
Let k(p) = -p**2 - 243*p - 6975. Calculate k(-33).
-45
Let k(l) = 7*l**2 - 527*l + 5035. What is k(10)?
465
Let m(a) = -5*a**3 - 642*a**2 - 237*a + 2142. Calculate m(-128).
-290
Let l(h) = -290*h**2 + 4101*h - 568. What is l(14)?
6
Let u(r) = -32968*r - 133166. Give u(-4).
-1294
Let h(p) = -p**2 + 15245*p + 2324796. Determine h(-151).
0
Let h(x) = 50*x**2 + 673*x + 2210. Determine h(-8).
26
Let j(d) = -d**3 + 55*d**2 + 2383*d + 17661. Determine j(-20).
1
Let z(u) = 2*u**3 - 502*u**2 - 1551*u + 6845. Determine z(254).
-13
Let c(n) = 148145*n + 2814756. What is c(-19)?
1
Let s(b) = -b**3 + 28*b**2 + 125*b + 284. What is s(32)?
188
Let u(j) = -3*j**3 - 15*j**2 + 46*j + 399. Calculate u(-5).
169
Let l(f) = -3*f**3 + 5*f**2 + 2486*f - 7453. Give l(3).
-31
Let r(i) = i**3 - 361*i**2 + 38*i - 14261. Determine r(361).
-543
Let x(n) = -13210*n + 79233. What is x(6)?
-27
Let y(n) = n**3 - 26*n**2 - 101*n + 1645. Give y(7).
7
Let p(m) = -m**3 - 33*m**2 - 28*m + 379. What is p(-31)?
-675
Let l(s) = s**2 - 126*s + 836. Calculate l(120).
116
Let r(p) = p**3 + 386*p**2 - 2361*p - 3545. Give r(-392).
-17
Let i(c) = -4*c**2 - 580*c - 10848. Calculate i(-22).
-24
Let h(q) = -1232648*q + 44375321. Determine h(36).
-7
Let z(u) = u**3 - 1464*u**2 + 4*u + 170. Calculate z(0).
170
Let j(o) = 5*o**2 + 6652*o - 128207. What is j(19)?
-14
Let k(z) = 2*z**2 - 27917*z + 1833808. Determine k(66).
-2
Let z(v) = v**3 - 21*v**2 + 7*v - 333. Give z(24).
1563
Let z(b) = 131*b**2 - 4192*b - 99. Determine z(32).
-99
Let s(o) = o**2 + 2299*o + 47886. What is s(-21)?
48
Let a(p) = -p**3 - 18*p**2 + 39*p + 308. Calculate a(-7).
-504
Let l(v) = v**2 + 115699*v + 2429246. Determine l(-21).
8
Let k(u) = -u**2 + 267247*u + 1069007. Determine k(-4).
3
Let s(v) = v**3 + 4*v**2 + 41*v - 853. Calculate s(7).
-27
Let f(s) = 6*s**3 - 10*s**2 + 527*s + 2607. Calculate f(-5).
-1028
Let x(r) = r**2 + 727*r + 2159. Determine x(-3).
-13
Let o(m) = 9*m**2 - 1562*m + 9056. Give o(6).
8
Let l(k) = -29*k**2 - 54*k - 312. What is l(-5)?
-767
Let f(m) = -11034*m - 98822. What is f(-9)?
484
Let p(c) = -579*c**2 + 2409*c + 15. Calculate p(5).
-2415
Let s(f) = 1483*f - 1360. Determine s(1).
123
Let t(x) = x**3 - 12*x**2 - 284*x + 393. What is t(24)?
489
Let i(h) = 1994*h - 821522. Calculate i(412).
6
Let k(w) = -54*w**2 + 3669*w - 138. Determine k(68).
-342
Let n(q) = -2916*q - 23346. What is n(-8)?
-18
Let y(m) = 10*m**2 + 1709*m - 15809. Give y(9).
382
Let w(z) = z**3 + 4*z**2 + 6*z + 309. Calculate w(-8).
5
Let l(p) = 2*p**3 - 23*p**2 - 161*p - 18. What is l(18)?
1296
Let p(t) = 6*t**2 + 2109*t + 36546. Determine p(-18).
528
Let d(c) = 5*c**3 - 6064*c**2 - 31677*c + 10970. Calculate d(1218).
8
Let o(m) = -7*m**2 + 414*m + 3151. Give o(66).
-17
Let o(c) = -892*c - 1264. Calculate o(-4).
2304
Let l(d) = -9*d**3 + 19*d**2 + 30*d - 35. Calculate l(2).
29
Let w(v) = 3*v**3 + 5*v**2 - 362*v + 1081. Give w(3).
121
Let j(u) = -2*u**2 - 362*u - 10332. Determine j(-146).
-112
Let w(p) = 8*p**2 + 1023*p - 6002. Calculate w(6).
424
Let d(m) = -2*m**3 - 1670*m**2 - 11594*m - 1649. Determine d(-828).
7
Let o(n) = -5*n**3 - 23*n**2 + 14*n + 34. Give o(-5).
14
Let b(o) = o**2 + 97*o - 9508. Determine b(62).
350
Let m(t) = 31378*t - 188251. Give m(6).
17
Let m(n) = 416964*n + 15844633. Determine m(-38).
1
Let p(v) = 2324*v + 597303. Calculate p(-257).
35
Let t(p) = -116720*p + 350169. Give t(3).
9
Let o(p) = -1159*p**3 + 105*p**2 + 4*p - 5. What is o(1)?
-1055
Let s(f) = -f**3 - 30*f**2 + 346*f - 573. Determine s(8).
-237
Let q(s) = 1948*s - 27152. Calculate q(14).
120
Let q(d) = -3*d**3 + 259*d**2 - 1144*d + 90995. Determine q(86).
7
Let p(s) = 16*s**3 + 2*s**2 - 175*s - 19. Calculate p(0).
-19
Let f(m) = 5591*m - 22306. What is f(4)?
58
Let l(x) = 56*x + 4710. Determine l(-88).
-218
Let f(a) = 2*a**2 - 3669*a - 14666. What is f(-4)?
42
Let j(y) = 109*y + 4222. What is j(-39)?
-29
Let h(s) = -5*s**2 + 3666*s + 298671. What is h(-74)?
7
Let t(z) = -z**3 + 154*z**2 + 476*z - 684. Determine t(157).
101
Let j(p) = p**3 - 25*p**2 - 1132*p - 421. Calculate j(-23).
223
Let w(o) = -7*o**2 + 390*o - 3536. Calculate w(44).
72
Let d(m) = 43*m**2 - 86*m + 365. Calculate d(5).
1010
Let l(y) = 13644*y - 1009637. Give l(74).
19
Let v(c) = 33*c**2 - 20745*c - 7503. Calculate v(629).
45
Let h(s) = -s**2 - 29298*s - 292876. Calculate h(-10).
4
Let b(x) = -x**2 + 64*x + 4238. Give b(-42).
-214
Let h(v) = -v**2 + 65*v + 364. Give h(69).
88
Let x(y) = 4*y**3 - 731*y**2 - 175*y - 1475. What is x(183)?
-11
Let l(r) = -22*r**3 + 98*r**2 - 10*r - 5. Give l(4).
115
Let d(h) = h**2 - 8591*h + 68645. Determine d(8).
-19
Let u(l) = 4*l**2 + 22928*l + 114550. What is u(-5)?
10
Let x(q) = -6*q**3 - 41*q**2 + 6*q + 34. Determine x(1).
-7
Let i(o) = -31*o**3 - 1055*o**2 - 66*o - 1090. Determine i(-34).
-2
Let k(r) = -r**2 - 11932*r + 1373250. What is k(114)?
6
Let p(c) = -2*c**2 - 1532*c - 13623. Calculate p(-9).
3
Let t(w) = 357*w**2 + 2140*w - 8. Determine t(-6).
4
Let m(p) = -17748*p**2 + 11*p + 8. Calculate m(0).
8
Let w(u) = 2206086*u - 19854764. Calculate w(9).
10
Let d(f) = 317*f - 44671. What is d(141)?
26
Let t(b) = 498*b + 21749. Calculate t(-44).
-163
Let o(n) = n**2 - 718*n - 684724. Determine o(-543).
-1
Let t(f) = -141*f**2 - 1199*f - 1193. Give t(-1).
-135
Let d(o) = 4*o**2 + 158*o + 979. Determine d(-5).
289
Let i(m) = m**3 - 10*m**2 + 934*m - 8420. What is i(9)?
-95
Let y(d) = 4*d**3 - 121*d**2 + 559*d - 552. What is y(4)?
4
Let u(q) = -40*q**3 - 320*q**2 + 255*q + 2030. Calculate u(-8).
-10
Let j(l) = l**3 + 29*l**2 - 373*l - 745. Calculate j(11).
-8
Let p(s) = -4*s**2 + 12*s + 11817. What is p(55)?
377
Let q(j) = 2*j**3 - 20*j**2 + 5299*j + 16117. Calculate q(-3).
-14
Let j(l) = -8578*l - 51413. What is j(-6)?
55
Let t(g) = 30554*g - 4124793. Give t(135).
-3
Let m(z) = z**3 - 62*z**2 - 303*z + 6696. Calculate m(65).
-324
Let d(s) = -s**3 + 88*s**2 - 609*s - 125. Give d(80).
2355
Let l(m) = -225*m + 90. Give l(2).
-360
Let s(a) = -13*a**2 - 7*a - 23. Calculate s(-3).
-119
Let q(f) = f**2 - 120*f + 2163. Calculate q(109).
964
Let a(g) = 4*g**3 + 473*g**2 + 122*g - 50. What is a(-118)?
-522
Let d(f) = -455*f - 237524. What is d(-522)?
-14
Let h(z) = 23*z**3 + 6711*z**2 - 1456*z + 1124. Determine h(-292).
-44
Let r(l) = -1620*l**2 - 22672*l + 102. Calculate r(-14).
-10
Let t(b) = -b**2 - 102406*b - 3378317. What is t(-33)?
-8
Let j(w) = 13*w**3 + 5769*w**2 - 1331*w + 492. Determine j(-444).
48
Let n(x) = -32*x**2 + 100*x - 654. Calculate n(6).
-1206
Let x(t) = -257444*t - 257456. Determine x(-1).
-12
Let v(w) = w**3 + 89*w**2 - 600*w + 940. Give v(4).
28
Let y(c) = 22600*c + 24362814. Determine y(-1078).
14
Let r(g) = 149*g**2 - 1264*g + 566. Determine r(8).
-10
Let n(h) = -7671*h + 4211353. Determine n(549).
-26
Let b(x) = -8*x**2 + 3768*x - 15064. Give b(4).
-120
Let o(g) = -5946272*g - 17838817. Determine o(-3).
-1
Let w(x